{"id":1345,"date":"2022-02-21T15:21:48","date_gmt":"2022-02-21T20:21:48","guid":{"rendered":"http:\/\/www.crc-sher.qc.ca\/a-propos-du-college-regional-champlain\/"},"modified":"2026-03-26T08:21:42","modified_gmt":"2026-03-26T13:21:42","slug":"a-propos-du-college-regional-champlain","status":"publish","type":"page","link":"https:\/\/www.crc-sher.qc.ca\/fr\/a-propos-du-college-regional-champlain\/","title":{"rendered":"\u00c0 propos du C\u00e9gep r\u00e9gional Champlain"},"content":{"rendered":"\n<p><\/p>\n\n<div class=\"wp-block-group\"><div class=\"wp-block-group__inner-container is-layout-flow wp-block-group-is-layout-flow\">\n<div class=\"wp-block-columns is-layout-flex wp-container-core-columns-is-layout-9d6595d7 wp-block-columns-is-layout-flex\">\n<div class=\"wp-block-column is-layout-flow wp-block-column-is-layout-flow\" style=\"flex-basis:100%\">\n<div class=\"wp-block-columns is-layout-flex wp-container-core-columns-is-layout-9d6595d7 wp-block-columns-is-layout-flex\">\n<div class=\"wp-block-column is-layout-flow wp-block-column-is-layout-flow\" style=\"flex-basis:100%\"><\/div>\n<\/div>\n<\/div>\n<\/div>\n<\/div><\/div>\n","protected":false},"excerpt":{"rendered":"","protected":false},"author":4,"featured_media":0,"parent":0,"menu_order":3,"comment_status":"closed","ping_status":"closed","template":"page-template\/template-champlain.php","meta":{"_acf_changed":false,"footnotes":""},"class_list":["post-1345","page","type-page","status-publish","hentry"],"acf":[],"_links":{"self":[{"href":"https:\/\/www.crc-sher.qc.ca\/fr\/wp-json\/wp\/v2\/pages\/1345","targetHints":{"allow":["GET"]}}],"collection":[{"href":"https:\/\/www.crc-sher.qc.ca\/fr\/wp-json\/wp\/v2\/pages"}],"about":[{"href":"https:\/\/www.crc-sher.qc.ca\/fr\/wp-json\/wp\/v2\/types\/page"}],"author":[{"embeddable":true,"href":"https:\/\/www.crc-sher.qc.ca\/fr\/wp-json\/wp\/v2\/users\/4"}],"replies":[{"embeddable":true,"href":"https:\/\/www.crc-sher.qc.ca\/fr\/wp-json\/wp\/v2\/comments?post=1345"}],"version-history":[{"count":109,"href":"https:\/\/www.crc-sher.qc.ca\/fr\/wp-json\/wp\/v2\/pages\/1345\/revisions"}],"predecessor-version":[{"id":3798,"href":"https:\/\/www.crc-sher.qc.ca\/fr\/wp-json\/wp\/v2\/pages\/1345\/revisions\/3798"}],"wp:attachment":[{"href":"https:\/\/www.crc-sher.qc.ca\/fr\/wp-json\/wp\/v2\/media?parent=1345"}],"curies":[{"name":"wp","href":"https:\/\/api.w.org\/{rel}","templated":true}]}}

À propos du Cégep régional Champlain
